-30) - -2). Calculate the greatest common factor of v and 16758.
18
Let r(o) = -24*o + 60. Let p be r(-6). Let b = -168 + p. Let v(y) = y**2 + y - 6. Let d be v(-6). Calculate the greatest common factor of d and b.
12
Suppose 3*w - 28 + 19 = 0. Suppose 4*i + 108 = 4*v, 3*v = w*i + i + 83. What is the greatest common factor of 5 and v?
5
Let t = 198 - 162. Suppose 8*w - t = -10*w. Calculate the highest common factor of 8 and w.
2
Let y = -11778 - -17406. Calculate the greatest common factor of 21 and y.
21
Let j = 1137 - 1050. Calculate the greatest common divisor of 2697 and j.
87
Let w be 3051 + (13 - 40/8). What is the greatest common factor of w and 133?
133
Let m(v) = -110*v - 336. Suppose 4*f = -4*z - 32, -67*f + 63*f - z = 29. Let k be m(f). What is the highest common divisor of 124 and k?
62
Let x be (-539)/77 + (-3690)/(-24)*2*2. Calculate the highest common factor of 95 and x.
19
Suppose 0 = -11*j + 17*j + 1770. Let r = -235 - j. Calculate the highest common divisor of 84 and r.
12
Suppose -12*y + 9 - 225 = 0. Let n be 477/(-6)*y/27. Calculate the highest common divisor of 424 and n.
53
Suppose 660 = -2*u - 3*t, 660 = -2*u - 5*t + 4*t. Let n be ((-51)/(-85))/(((-21)/u)/7). What is the highest common factor of n and 1056?
66
Let c = 8 - 12. Let d = 22 - c. Suppose 0 = 2*b - 0*b - d. Calculate the highest common divisor of b and 65.
13
Let d = -124 - -108. Let b be (5 + -14)/(2/d). What is the highest common factor of b and 60?
12
Suppose -4*u = 3*v + 24 - 70, 5*u = -v + 19. Suppose -v*j - 8*j + 1782 = 0. Calculate the highest common divisor of j and 54.
27
Suppose 8*n - 56 = 4*n - 2*v, 70 = 5*n - v. Let p be (-9 + n - -2) + 1. Suppose 3*b - 2*b = 16. What is the greatest common factor of p and b?
8
Suppose 99*s + 179*s - 8618 = 0. Let u(m) = m + 7. Let y be u(0). Suppose 131 - y = 4*f. Calculate the highest common divisor of f and s.
31
Let h(u) = -u**3 - 18*u**2 - 48*u - 33. Let v be h(-15). Let q be v/4*(-28)/(-3). What is the highest common factor of q and 574?
14
Let x = 7 - -15. Suppose -149*z = 17847 - 73573. Calculate the highest common divisor of z and x.
22
Let h be (((-2240)/(-30))/(-16))/(1*4/(-6036)). What is the highest common divisor of h and 14?
14
Suppose 0 = 2*l + 3*o - 22 - 23, o = -5. Let j = 13803 - 13653. What is the greatest common divisor of j and l?
30
Let m be (68/8)/((15/6)/5). Suppose 77 = 5*z + m. Let b = 8 - -10. What is the highest common factor of z and b?
6
Let y = -42 + 90. Let o be (-2)/(-6) + 32/y. What is the greatest common factor of o and 3?
1
Suppose -27 - 653 = 5*l. Let p = 97 + l. Let z be 4/(2 + p/21). What is the highest common factor of 196 and z?
28
Let t(q) = 99*q - 43. Let w be t(-3). Let l = 342 + w. What is the highest common factor of 18 and l?
2
Suppose 0 = 4*u + 3*k - 0 + 20, -2*u = -k + 10. Let n = 9 + u. Suppose 0*g = -g + n. Calculate the greatest common divisor of g and 16.
4
Let p = 13508 - 13460. What is the greatest common divisor of 4644 and p?
12
Suppose 13808 + 1487 = 19*t. Let p = 941 - t. Let a = -15 - -32. Calculate the highest common divisor of p and a.
17
Suppose 2339*b + 1100 = 2350*b. Calculate the highest common factor of b and 1775.
25
Suppose -h + 3 = 0, -18*y + 21*y + 5*h = 447. Calculate the highest common divisor of y and 352.
16
Let q(u) = 190*u - 3820. Let c be q(23). Calculate the highest common divisor of 154 and c.
22
Suppose -3*k - 24 = -5*d + 48, 5*k = 5. Let n = -556 + 562. What is the greatest common divisor of n and d?
3
Suppose -t + 3*t = 22. Suppose -2*v - 2*l = -v + t, 2 = -v + l. Let z be (((-4)/(-5))/2)/((-1)/v). What is the greatest common factor of 16 and z?
2
Let v = -2055 + 2479. Calculate the highest common factor of v and 12.
4
Suppose 12 = 3*c - 2*b + 6*b, -4*c + 3*b - 9 = 0. Let i be 1 + 140 + (c - (0 + -3)). Let d be 2 - (-36)/(10 - 4). What is the highest common factor of i and d?
8
Let s = 4729 - 4540. What is the highest common divisor of s and 2?
1
Let d = 5798 - 5462. Calculate the greatest common divisor of 574 and d.
14
Suppose 4 = 10*c - 8*c. Suppose -4*a = -c*a + 3*l - 668, -5*l = a - 327. Suppose 0 = 5*j - 113 - a. What is the highest common divisor of 36 and j?
18
Let z be (24/(-9))/(11*(-16)/5544). Calculate the highest common divisor of z and 186.
6
Let s be (1104/(-330) + 54/99)*-80. What is the highest common factor of s and 1582?
14
Let o be (12/(-9))/((-3)/459). Let z = -3184 - -3196. What is the highest common factor of z and o?
12
Suppose 512 = 3*n + n. Suppose -2 + n = 3*p. Let q = 5671 - 5209. Calculate the highest common divisor of p and q.
42
Let p(f) = 796*f**2 - 80*f - 76. Let j be p(-1). Let k(z) = z**3 + 8*z**2 + 8*z - 3. Let i be k(-5). Calculate the greatest common factor of j and i.
32
Let l be 1/(-3) + ((-812)/(-126)*48 - 13). Let o(m) = -m**2 + 37. Let n be o(0). Calculate the highest common divisor of l and n.
37
Suppose -5063 = -50*x - 1063. What is the greatest common factor of 830 and x?
10
Let r(d) = -14*d + 41*d - 8*d - 12*d. Let h be r(3). Calculate the greatest common divisor of 231 and h.
21
Suppose -540 = 23*a - 1782. What is the greatest common divisor of a and 1602?
18
Let o = 10000 - 9118. Calculate the greatest common factor of o and 245.
49
Suppose -46*r + 52*r - 12 = 0. Suppose 2*z - 13 = -4*u + 1, -5*z + u + r = 0. What is the highest common factor of z and 19?
1
Suppose -95*a + 10286 + 30223 = -29886. What is the greatest common divisor of a and 15?
3
Let r = -284 + 274. Let m be (-20)/r*273/6. What is the greatest common divisor of 364 and m?
91
Suppose 3*v = -y + 28, -40 = -4*y + 3*v + 12. Let q = 28 - y. Calculate the greatest common divisor of 276 and q.
12
Let w = 98 - -1235. What is the highest common factor of w and 31?
31
Suppose -2*k - 112 = -g, 3*k + k + 5*g + 210 = 0. Let h = k - -70. Suppose 4*t - 143 = 277. Calculate the greatest common factor of h and t.
15
Suppose 2*p + 2*p = 4*v + 460, 0 = -5*p - 4*v + 548. Let r(b) = -b**3 - 6*b**2 + 578*b - 35. Let w be r(21). What is the highest common divisor of p and w?
28
Suppose -133 = -5*a - 4*o, -4*a = -235*o + 234*o - 77. Calculate the greatest common divisor of a and 46032.
21
Suppose 0 = -4*z - 9*z - 338. Let c be 4*(3 + z*(-1)/(-8)). Let n be 3 + 4/8*0/c. Calculate the greatest common factor of 27 and n.
3
Let t(a) = -a + 9. Let w be t(5). Suppose w*g = g - 15, 3*l - 157 = 5*g. Calculate the greatest common divisor of l and 77.
11
Suppose 6*w + 12362 = 5*q + 2*w, 0 = -3*q + 3*w + 7419. What is the highest common divisor of q and 390?
130
Let s(i) = -i**3 + 16*i**2 - 42*i + 149. Let q be s(11). Calculate the greatest common divisor of 20 and q.
4
Suppose -5*i - 13 = -u - 3*u, -u = 3*i + 1. Let g be i - (-6 + 9)/((-3)/3). What is the highest common factor of g and 118?
2
Suppose -4*a - a = 5*g + 40, g - a = 0. Let n be (-9)/(-2) + (-18)/12. Let u be (-6)/n*-9 + 8/g. Calculate the highest common factor of u and 16.
16
Let d be (-1*60/25)/((-5)/25). Suppose -1607 = -d*w + 5497. Calculate the highest common factor of w and 16.
16
Suppose -40 = 2*n - 74. Suppose 2*v = -n + 569. Let q be 2/(-8) + v/16. What is the greatest common divisor of 153 and q?
17
Let q be (-984)/14 + (-4)/(-14). Let u be 184/(-276) - q/6. What is the greatest common factor of u and 704?
11
Suppose -1610 = -54*c + 172. What is the greatest common divisor of 1309 and c?
11
Let d = 7390 - 6370. What is the greatest common divisor of d and 90?
30
Let k(a) = a**3 - 8*a**2 - 706*a + 6388. Let h be k(9). Suppose 0 = g - i - 20, 0 = i - 0*i. Calculate the greatest common factor of g and h.
5
Let v be 150 - (56/8 - 11). Calculate the highest common factor of v and 1056.
22
Let g(f) = f**2 + 4*f - 15. Let v be g(8). Suppose -i + 0*c + v = -c, -i = -3*c - 79. What is the highest common factor of 246 and i?
82
Suppose -15*s = -1104 + 264. What is the greatest common divisor of s and 5?
1
Let m(l) = -l**3 + 12*l**2 + 10*l - 22. Let z be m(12). Let i = -1447 + 1503. What is the greatest common divisor of i and z?
14
Let g = -21 + 34. Let i be (-6 - -8) + 25 + -4. Suppose u + g - i = 0. What is the greatest common divisor of u and 50?
10
Let u = 47 - 6. Let j be (-24367)/(-590) - (-6)/(-20). Calculate the highest common factor of j and u.
41
Suppose 16*r + 70*r - 19952 